 z(o) = 6*o**2 - 234*o + 657. Let f(q) = 7*b(q) - 5*z(q). Calculate f(33).
9
Let r(z) = 6332*z - 7. Let y(v) = -7914*v + 9. Let g(p) = -5*r(p) - 4*y(p). Suppose w + 4 = 5*w. Give g(w).
-5
Let i(b) = -b - 1. Let l(q) = -7*q - 22. Let s(k) = 5*i(k) - l(k). Suppose -87*d + 15132 = 16263. Determine s(d).
-9
Let o(b) = -71 + 7 + 176*b**2 - 165*b**2 + b**3 - 8*b - 16. Determine o(-11).
8
Let v(t) = 7*t - 19. Let k be v(3). Let b(i) = 2 + i**k - 1477*i + 1473*i - 3*i**2 + i**3. Suppose o = -0*o + 3. Determine b(o).
-1
Let z(l) be the third derivative of 4*l + 0 - 1/12*l**4 - 1/15*l**5 + 0*l**3 - 6*l**2. Give z(1).
-6
Let r(v) = 0*v**2 - v**2 + 0*v**2 + 7*v. Let c be 1/3 + 48/(-9). Let y be 28/(-8)*10/c. Give r(y).
0
Let m(y) = -13*y**3 - 24*y**2 + 12*y - 75. Let a(w) = -24*w**3 - 48*w**2 + 30*w - 151. Let x(g) = -6*a(g) + 11*m(g). Calculate x(-26).
-23
Let n(c) = 2*c**2 + 12*c + 1. Let l be n(-6). Let z(y) = y + 19. Let h be z(-17). Let x(a) = -1 - 1 - 5*a**3 - h + 5. Calculate x(l).
-4
Let b(x) = -x + 1. Let t(r) = 3*r - 4. Let j(i) = -b(i) - t(i). Let u = 55246 + -55241. Calculate j(u).
-7
Let c(n) = 63 + 6*n - 78 + 2*n**2 + 0*n - n**2 + 4*n. Determine c(-8).
-31
Let m(k) = k**2 + k - 2. Let t be 3 + -5 + 0 - (-1 - 2). Let o(g) = -2*g**2 + g - 1. Let u be o(t). Let v be (-2 + 2)/(u - 2). What is m(v)?
-2
Let s(f) = 11*f - 10. Let i(r) = r - 11. Let l(o) = 12. Let x(a) = 6*i(a) + 5*l(a). Let d(w) = -3*s(w) + 5*x(w). Calculate d(5).
-15
Let v(y) = 4*y**3 - 2*y**3 - y**3 - 4 + y**2. Suppose 0 = -32*i + 12*i - 120. Let m be (5 + i - -1)/(1 - 5). Give v(m).
-4
Let y(u) = -3*u - 3. Suppose 1 = 3*m - 5. Let i be 85/25 + -2*m/10. Let h be i + 1 + -2 - 7. Calculate y(h).
12
Suppose -4*t - 29 + 25 = 0. Let r be 10/15*3 + -7. Let i(j) = -j**3 - 2*j**2 - j + 5. Let v(a) = a**3 - 1. Let n(l) = r*v(l) - i(l). Give n(t).
5
Let n = -61 - -76. Suppose -5*b + n = -6*b. Let q be (-12)/8 + 2/(-12)*b. Let o(t) = -6*t**2. Calculate o(q).
-6
Let r(w) be the third derivative of -w**5/60 + w**4/6 + w**3/2 - w**2. Suppose 2*h - 1 = i + 7, 2*h - 2*i - 8 = 0. Calculate r(h).
3
Suppose 8*n - 7 = 9*n - s, 5*n = -4*s + 1. Let r(f) = -f - 6. What is r(n)?
-3
Let c = 1311 + -1317. Let n(d) = 11*d + 56. Give n(c).
-10
Let l(b) be the third derivative of -b**7/2520 + b**6/144 + b**5/120 - 47*b**4/24 + 75*b**2. Let y(q) be the second derivative of l(q). What is y(-4)?
-35
Let q(k) = -k**2 + 2*k - 2. Let h(j) = -6*j + 21. Let a = 154 - 151. Let x be h(a). What is q(x)?
-5
Let g(t) = 14*t - 51. Let r(c) = -5*c + 19. Let y(j) = 4*g(j) + 11*r(j). Suppose -8*x - 21 = 19. Give y(x).
0
Let m(l) = -l + 2. Let h = -59 + 67. Let i be (6 - 3) + 2/(h/12). Calculate m(i).
-4
Let s(h) be the third derivative of h**5/30 + h**4/4 + 17*h**3/6 + 8*h**2 - 30*h. Calculate s(-4).
25
Let m(u) = -100*u**3 - 8*u - 10 - 12166*u**2 + 12172*u**2 + 101*u**3. Give m(-7).
-3
Let z(o) = 5*o + 6. Let c(w) = w + 5. Let v(s) = 6*c(s) - z(s). Calculate v(-19).
5
Let x(v) = -v**2 + 18*v - 23. Suppose 6*z - 102 = -0. Let o be x(z). Let y(b) = 6*b + 5. Let q(h) = -13*h - 9. Let w(n) = -3*q(n) - 7*y(n). What is w(o)?
10
Let r(p) be the third derivative of p**6/120 - p**5/20 + 5*p**4/24 - 2*p**3/3 + 95*p**2 - 2. Calculate r(1).
-1
Let u(z) be the first derivative of z**4/4 + 4*z**3/3 - z**2 + 14*z + 3912. Calculate u(0).
14
Let l(s) = 6*s**2 - s + 8. Let i(x) = x**2 + x + 1. Let g(p) = -4*i(p) + l(p). Let c(a) = 6*a + 27. Let r(h) = 3*h - 4. Let u be r(0). Let j be c(u). Give g(j).
7
Suppose -u - 5 + 7 = 0. Let d(g) be the first derivative of 39*g + 24 + g**u - 7*g - 16*g - 14*g. What is d(6)?
14
Let r(s) be the third derivative of 0*s + 0*s**3 + 0*s**4 + 4 - 37*s**2 + 1/60*s**5. Calculate r(-1).
1
Let c(u) be the second derivative of u**4/6 - 8*u**3/3 - 2*u**2 - 214*u. What is c(11)?
62
Let c(o) = -o + 41. Let s be c(40). Let w(y) = 2*y**3 - y**2 - y. Let r be w(s). Let a(z) = 8 - z**3 + z**2 - 2*z - 2*z**2 + z. What is a(r)?
8
Let p(k) = k**3 + 9*k**2 - 21*k + 13. Let d(a) = 2*a**3 + 12*a**2 - 144*a - 11. Let l be d(-12). Determine p(l).
2
Let q(v) = -3*v**2 - 3*v**2 - 3*v**3 + 4*v**3 - 9*v + 2. Let l = -937 + 708. Let j = -222 - l. Give q(j).
-12
Let z(t) = -t. Let c(s) = 8*s - 12. Let p(a) = -c(a) - 5*z(a). Let l = 1 - -12. Suppose -3*i - f = -2*f - 19, i - l = -f. What is p(i)?
-12
Let p(v) = 8*v - 227 + 112 + 0*v**2 + 114 + v**2. Let n(x) = -x**3 + 10*x**2 - 9*x + 13. Let j be n(9). Let b = j + -21. What is p(b)?
-1
Let z be 25/(-15) - (-385)/33. Let i(w) = 147 - w - 7*w - 154 + w**2. Give i(z).
13
Let v(w) = w**3 - 2*w**2 - 10*w + 6. Let a = 62 + -69. Let i be a/1 - (58 - 69). What is v(i)?
-2
Let d(c) = -99*c + 103. Let n(u) = -7*u + 8. Let f(m) = 6*d(m) - 87*n(m). Calculate f(5).
-3
Let k(p) be the second derivative of -p**4/12 + 4*p**3/3 + 59*p**2 - 1995*p. Give k(-9).
-35
Let l(n) be the second derivative of -1/20*n**5 + 1 - 29*n - 1/3*n**3 + 9/2*n**2 + 5/6*n**4. What is l(10)?
-11
Let f(z) be the first derivative of -1/2*z**2 - 11*z + 41. Calculate f(-6).
-5
Suppose -4*l - 12 = 0, -5*y - l + 8 = 11. Let z(f) = f**3 + f**2 - 20. What is z(y)?
-20
Let l(c) = c**3 + 9*c**2 + 7*c - 17. Let w = 1538 - 1545. Give l(w).
32
Let m(z) be the first derivative of -z**4/4 - 2*z**3 + 9*z**2 + 5*z + 1454. Calculate m(-8).
-11
Suppose -72*g + 360 = -36*g. Let i(q) = 2*q + 20 - 3*q + 0*q. What is i(g)?
10
Let k(h) be the first derivative of h**6/120 - 2*h**5/15 - 7*h**4/24 - h**3 + 29*h**2 - 2*h + 146. Let o(w) be the second derivative of k(w). What is o(9)?
12
Let f(k) = k**3 + k**2 - k + 12. Suppose -13*i + 25*i = 14*i. Suppose -p + 4*p = i. Give f(p).
12
Let z be 5/(-10)*(2 + 0). Let t(c) = -7*c**2 - c + 2. Let x(a) = -20*a**2 - 4*a + 7. Let q be 9/(-27) + 15/(-9). Let u(w) = q*x(w) + 7*t(w). Give u(z).
-10
Let j(n) = -149*n + 1644. Let t be j(11). Let l(m) = -4*m + 7. What is l(t)?
-13
Suppose 9*c - 17 - 316 = 0. Suppose -c = -4*p + z, -8*p + 2*z = -4*p - 34. Let g(d) = d**3 - 10*d**2 - 3*d + 5. Calculate g(p).
-25
Suppose 0*m + 45 = 17*m - 8*m. Let n(i) = -i + 2*i + 5 - 2*i + i**3 - 5*i**2. Calculate n(m).
0
Let p = 15 - 7. Let m be 0 - (1/(-4) - (-18)/p). Let z(c) be the third derivative of -c**5/60 - c**4/8 - c**3/6 - c**2. Calculate z(m).
1
Let d(a) be the second derivative of -a**5/20 + a**4/4 + 5*a**3/6 + 3*a**2/2 + a. Let x be 2/(-50)*-65 + 14/10. What is d(x)?
7
Let s be 1/((-36)/20 + 2). Let b(y) be the first derivative of y**4/4 - 5*y**3/3 - y**2/2 + y - 627. Calculate b(s).
-4
Let r(b) = -3*b**2 + 5*b - 4. Suppose -5*q - 3*h + 16 = 0, -22*q - 21 = -25*q + 2*h. Suppose q*g - 2*g + 4 = 2*d, -g + 5*d - 23 = 0. Give r(g).
-6
Suppose 0 = 180*j + 820 - 100. Let x(z) = z + 16. Give x(j).
12
Let q = -150/373 + 673/746. Let y(p) be the second derivative of 0 + 1/6*p**3 - 42*p + q*p**2. Calculate y(-1).
0
Let g(r) be the first derivative of -r**5/10 + 7*r**4/12 - r**3/2 - 2*r**2 - 122*r - 109. Let v(q) be the first derivative of g(q). Determine v(4).
-32
Let y(x) = -x**3 - 16*x**2 - x - 14. Suppose 2*w + 0*w = 110. Let h = -71 + w. Give y(h).
2
Let i = -65 - 108. Let c = -172 - i. Let w(b) = -4*b - 3. Let j(o) = -1. Let v(u) = -3*j(u) + w(u). What is v(c)?
-4
Let k(p) = 2*p + 5. Let r be (-4 - -7 - 6) + -1. Let n be 22/99 - r/(-18). Suppose -5 = l - n. What is k(l)?
-5
Let v(l) = l**3 - 24*l**2 + 44*l + 16. Let b(i) = 176*i + 550. Let c be b(-3). What is v(c)?
16
Let h(y) = -5*y**2 + y + 1. Let n(c) = c**2 + 14*c - 436. Let l be n(-29). Determine h(l).
-5
Let a(m) = m**2 - 10*m - 8. Let n be a(14). Suppose -n = -9*q + 5*q + 3*j, 5*q = 5*j + 55. Let w(b) = -q*b + 1 - 3 + 25*b. Determine w(2).
18
Let m(n) = 2*n**2 - 6*n + 4. Let u be (15 - -2)*6/51. Determine m(u).
0
Let o(i) = -i**3 - 6*i**2 - 4*i + 2. Let f(j) = -48*j - 112. Let d be f(-15). Let h = d - 613. Determine o(h).
-3
Let g(k) = 6*k - 2455 + 4905 + 28*k - 2449. Calculate g(1).
35
Let o(m) be the first derivative of -m**4/4 + 25*m**3/3 - 13*m**2 + 39*m + 889. Determine o(24).
-9
Let u(v) = 24*v - 505. Let o(m) = 23*m - 379. Let k(s) = -4*o(s) + 3*u(s). Let p be 0 - 0 - (0 - 1). What is k(p)?
-19
Let v = -196 + 82. Let b(f) = -22*f + 18. Let q be b(6). Let c = q - v. Let k(u) = -u**3 + u**2 + u - 4. Determine k(c).
-4
Let r(j) be the third derivative of -47*j**